 of q?
5
Suppose 20*a - 23*a + 150 = 0. What is the units digit of a?
0
Suppose -4*j - 46 = 5*q, -2*q + 22 = -4*q + 2*j. Let m(v) = 1 - v - 2 - 1. What is the units digit of m(q)?
8
Let h(m) be the third derivative of -5*m**4/24 + 3*m**3/2 - 5*m**2. What is the units digit of h(-4)?
9
Suppose 5*k - 17 = -2. Suppose -3*h + 20 = -4*h + 3*y, 2*h + k*y - 5 = 0. What is the units digit of 11 - (h - -2)/(-3)?
0
Let q be (16 - (2 + 1))/1. Suppose g + 4 = q. What is the units digit of g?
9
Let d = 1 - 12. Let j(s) = -s**3 - 12*s**2 + 9*s + 13. Let c(r) = 3*r**3 + 35*r**2 - 27*r - 38. Let t(q) = d*j(q) - 4*c(q). What is the units digit of t(-9)?
9
Let o(i) = 59*i**3 - 1. What is the tens digit of o(1)?
5
Suppose -4*n - 6 + 30 = 0. Suppose -n*x + 5*x + 45 = 0. What is the tens digit of x?
4
Let k be (-37 + 1)/(-2) - 1. Let n = k + -12. What is the units digit of n?
5
Suppose 3*m - 5 = 1. What is the units digit of m + -1*(-1 - 0)?
3
Suppose 2*b - 28 = -2*b. Let k = -4 + b. Suppose 0 = -2*o + k*r + 17, 3*o + 0*r = -3*r + 18. What is the units digit of o?
7
Let k be (-2)/(-4)*(1 - -1). Let s be k/(((-3)/(-4))/3). Suppose -20 = s*x - 48. What is the units digit of x?
7
Let r = -3 - -5. Let i = r - -17. What is the units digit of i?
9
Suppose -t = 4*t. Suppose -4*a + 21 + 7 = t. What is the units digit of a?
7
Suppose 2 = -2*l - 10. Let o = l - -9. Suppose -2*w + b = 5*b - 40, -o*b = -3*w + 24. What is the tens digit of w?
1
Let x = 3 - 5. What is the units digit of (-1)/((-2)/(-10))*x?
0
Let v = -7 - -12. Suppose n + 2 = a + 7, 24 = 2*n + v*a. What is the units digit of n?
7
Suppose 3*p = -4*k + 139, 4*p + 0*k - 197 = -3*k. What is the units digit of p?
3
Let t = -163 - -283. What is the units digit of t?
0
Let x = -16 - -56. What is the units digit of x?
0
Let i be 5/(-1)*(-6)/5. Suppose -i*f + 46 = 5*t - 2*f, -22 = -5*t + 2*f. What is the units digit of t?
6
Suppose -6*q + 3*q - 6 = 0. What is the units digit of q - (2 + 0)*-3?
4
Suppose -c = 3*c - 12. Let y = c - -2. What is the units digit of y?
5
Suppose 5*u + 575 = 1635. What is the tens digit of u?
1
Let c be ((-3)/6)/(2/(-220)). Suppose -c = 5*h - 135. What is the units digit of h?
6
Let h(k) = 3 - 2 + 0 - 10*k + 3 - k**2. What is the units digit of h(-10)?
4
Let r(k) = k**2 + 5*k - 2. Let g be (-2)/(-6) - (-76)/(-12). Let u be r(g). Suppose -1 = b - u. What is the units digit of b?
3
Let n(f) = -f + 5. Suppose -2*u = -13 + 1. Let q be n(u). What is the units digit of (0 - -8) + 3 + q?
0
Let s(r) = -2*r - 8. Let k be s(-9). Let p = k + 1. Suppose -p + 35 = 4*o. What is the units digit of o?
6
Let c(d) = -d**3 + d**2 + d + 1. Let g(y) = 7*y**3 + 7*y**2 + 9*y - 20. Let k(f) = 6*c(f) + g(f). Let a be k(-11). What is the units digit of (-7)/(a/6)*-24?
6
Let w(h) = 2*h - 5. Let p be (-81)/(-4) + (-2)/8. Let x = p + -14. What is the units digit of w(x)?
7
Let r(t) = t**2 + 6*t - 7. Let j(w) = 30*w**3 + 2*w**2 + 2*w + 1. Let p be j(-1). Let u = p - -21. What is the units digit of r(u)?
9
Suppose q = 3, 10 + 17 = 2*k - 5*q. Let p = k - 14. What is the units digit of p?
7
Let v = -254 + 371. What is the hundreds digit of v?
1
Suppose -247 = -2*w + 97. Suppose 0 = 9*a - 13*a + w. What is the tens digit of a?
4
Suppose -6*w - 208 = -8*w. What is the units digit of w/5 - (-3)/15?
1
Suppose 12*f + 6006 = 25*f. What is the tens digit of f?
6
Suppose -13 + 53 = -2*k. What is the units digit of (-76)/k + 2/10?
4
Let b = -5 - -10. Suppose 4*c + 2*o + 0*o = 38, -4*c = -b*o - 45. What is the units digit of ((-36)/c)/((-6)/20)?
2
Let t(m) be the first derivative of 4*m**3/3 + 13*m**2/2 - m + 1. Let v(y) = 5*y**2 + 14*y - 1. Let z(s) = 6*t(s) - 5*v(s). What is the units digit of z(6)?
1
Let h(r) = 5*r**3 - 8*r**2 - 4*r + 3. What is the units digit of h(4)?
9
Suppose -6*c - 108 = -4*l - c, -2*c = -4*l + 96. What is the tens digit of l?
2
Suppose 4*g - 2*p + 5 = 11, 0 = 2*g - 2*p - 6. Suppose 9*x = 4*x - d - 1, 4*x - d - 1 = g. Suppose -3*m - 2*m + 45 = x. What is the units digit of m?
9
What is the units digit of ((-8)/28)/((-2)/14)?
2
Let t be 30 - (1 - (-4 - -2)). Suppose 0 = i - t + 8. What is the tens digit of i?
1
Let c = -73 - -51. Let t = c - -37. What is the tens digit of t?
1
Let x = 100 - 65. What is the units digit of x?
5
Suppose d + u = 3, -2*u + 3*u = -2*d + 6. Suppose -f - 4 = -j - 3*f, 59 = 5*j - d*f. What is the units digit of j?
0
Suppose -14 + 44 = 5*v. Suppose -2 = 5*b - v*b. What is the units digit of -1 - b*9/(-3)?
5
Suppose -3*j + j + 2 = m, 0 = 4*j. Suppose -3*w - 3*k - m*k = 2, -4*w - 3*k + 12 = 0. What is the units digit of w?
6
Suppose -2*f + 4*q = 24, -4*f + 4*q + q - 45 = 0. Let d = f + 14. Suppose -d*k = -14 + 2. What is the units digit of k?
3
Suppose 1 + 4 = x. Let f = x + -12. Let a = f - -12. What is the units digit of a?
5
Suppose 0 = 4*i - 2*i. Suppose -4*u + 44 = -4*z - 28, -2*u + 4*z + 40 = i. What is the tens digit of u?
1
Let q = 32 + 2. What is the tens digit of q?
3
Let q = 14 + 19. What is the units digit of q?
3
Suppose 0 = 3*l + 2*h + 5, -4*h = 4*l + l + 11. Suppose 4*m + 12 = 44. Let w = m - l. What is the units digit of w?
7
Let y(w) = -w**2 + 4*w + 3. Let d be y(3). Let x = d + 6. Let m = 17 - x. What is the units digit of m?
5
Suppose -2*w - 2*q + 990 = 230, -w - 3*q + 370 = 0. What is the hundreds digit of w?
3
Suppose 68 = 7*h - 163. Let c be 4/(1 + 1) - 2. Suppose c*d = -3*d + h. What is the tens digit of d?
1
Suppose 4*p + 120 = 5*k, -5*p = k - 0*k + 5. Let x = 30 - k. What is the tens digit of x?
1
Suppose -2*a + 19 = 5*d, 5*a = -d + 6 - 16. What is the units digit of -3*a/18*14?
7
Let h = -16 - -36. Suppose 0*t = -2*t + 5*a + h, 4*t - 40 = 5*a. What is the units digit of t?
0
Suppose 0 = -t + 2*u + u + 32, 5*u = -5*t + 60. What is the units digit of t?
7
Let p(t) = 38*t + 7. What is the units digit of p(3)?
1
Let y(a) = -a**3 + a**2 - a - 1. Let i(f) = f**2 - f - 1. Let o(t) = 3*i(t) - y(t). What is the units digit of o(2)?
0
Suppose 2*p + 9 = 5*p. Suppose 2*a + p*s - 34 = 37, -5*a + 3*s + 125 = 0. What is the units digit of a?
8
Let s(k) = -k**2 - 7*k + 3. Let q be s(-7). Suppose -q*a - 14 = 5*l - 59, 0 = 5*l - 5*a - 85. What is the units digit of l?
2
Let q(b) be the second derivative of 0 + 1/2*b**2 - 2*b + 3/2*b**3. What is the units digit of q(1)?
0
Suppose 0*y - 20 = -5*y. Let k(q) = q**2 - 4*q + 4. Let r be k(y). Suppose -o = r*o - 30. What is the units digit of o?
6
Let f be 52/4 + 1 + 0. Let l = f + -4. What is the units digit of l?
0
Suppose -3*g - 39 = o - 4*o, -3*o - 1 = 5*g. Suppose 2*d + 3 = 7. Suppose -2*i + o = -4*m, -d*m + m = 3*i - 5. What is the units digit of i?
2
What is the tens digit of (46/(-46))/(-1 - (-47)/48)?
4
Let s(g) be the third derivative of g**5/20 - g**3/6 - 4*g**2. Let k be s(1). Suppose d - 2 = -d, -k*o - 5*d = -23. What is the units digit of o?
9
Let d be (2/(-4))/(5/(-20)). What is the tens digit of (44/(-12) + d)*-15?
2
Let u(o) = -2*o - 6. Let b be u(-6). Let v be b*(0 - (-2)/4). Suppose -v*d = 2 - 26. What is the units digit of d?
8
Let i(o) = 2*o**3 + o**2 - 5*o - 4. What is the units digit of i(3)?
4
Suppose 5*b = -l + 4*b + 5, 5*l + 10 = 2*b. Let o = 4 - l. What is the units digit of o?
4
Suppose -4*f - 17 = -5. What is the units digit of (36/(-14))/f*28?
4
Let p(r) = r**3 - 5*r**2 - 7*r + 7. Let t be p(6). Let f be t/(-2) - (-3)/6. Suppose q + f = 4. What is the units digit of q?
4
Let u = 40 + -29. Let g = u + -6. Suppose 0*r + 95 = g*r. What is the tens digit of r?
1
Let j(h) = -h**2 - 12*h - 12. What is the units digit of j(-5)?
3
Let t(z) = 2*z - 4. Let o be t(3). Suppose -3*p = -4*p + o. Suppose -2*b - p*h = -20, -h - 1 = -2*b + 4. What is the units digit of b?
5
What is the units digit of (20/12)/((-2)/(-24))?
0
Let d(f) be the third derivative of f**6/120 + 7*f**5/60 - f**4/8 + f**3/6 + f**2. Let c be d(-7). What is the units digit of (c - 0)/(3 + -1)?
1
Let g(x) = x**2 - 12*x + 15. Let m = -20 - -33. What is the units digit of g(m)?
8
Suppose 0 = 2*c - m - 31, c - 21 = m - 6*m. Suppose c = 5*s - s. What is the units digit of s?
4
Let n be 1 - (-21)/(-6)*2. What is the units digit of ((-3)/(n/(-4)))/(-1)?
2
Suppose 0 = -4*r + 4*s + 340, -4*r + 2*r + 142 = 5*s. What is the tens digit of r?
8
Suppose -4*w = -j 